 is the hundreds digit of l(14)?
1
Let a = 5031 - 3825. What is the thousands digit of a?
1
Suppose -337 - 821 = -3*d. Let h = 72 - 309. Let t = d + h. What is the hundreds digit of t?
1
Let f = -4237 - -9715. What is the units digit of f?
8
Let j = 11219 + 22399. What is the units digit of j?
8
Let j = 88022 - 37976. What is the thousands digit of j?
0
Let b(j) = -3*j**3 + 4*j**3 + 8 - 3*j**2 - 24 + 14*j. What is the units digit of b(9)?
6
Let o(v) = 2*v**3 + 18*v**2 + 2*v + 22. Let b be o(-9). Suppose b*n - 10*n + 3498 = 0. What is the units digit of n?
3
Let i be (-3)/6 - (-10)/4. Suppose 2*a - 32 = 4*u, 8 = -a + 4*a + 2*u. Suppose a*j - i - 832 = 0. What is the tens digit of j?
3
What is the ten thousands digit of 24*(-22)/(-33) - -23623?
2
Let h(m) = 36*m**2 + 3*m - 2. Let w be (16/(-20))/((-12)/10 + 1). Suppose -7 = -5*t - d, d - 3 = -w*t + 3. What is the tens digit of h(t)?
3
Let u(m) = -6365*m**3 - 6*m**2 - 10*m - 4. What is the hundreds digit of u(-1)?
3
Suppose -5*j - 4*d + 16 = 0, 20 = 3*j + j - 4*d. Let v(m) = -232 + 232 + j*m**2 + 5*m. What is the tens digit of v(4)?
8
What is the thousands digit of 43299606/830 + (-3)/15?
2
Let a = -11 + -15. Let d = -38 - a. What is the units digit of ((-8)/d)/((-4)/(-348))?
8
Suppose 0 = -26*a + 1066992 - 260810. What is the hundreds digit of a?
0
Suppose 139*x - 5*q = 144*x - 131760, q = -2*x + 52705. What is the units digit of x?
3
Let t(b) = -6730*b + 6702*b + 2*b**3 + 23*b**2 - 19 - 3*b**3. What is the hundreds digit of t(21)?
2
Let a(f) = -f**2 - 22*f - 3. Let z(t) = -3*t**2 - 66*t - 10. Let j(y) = -11*a(y) + 4*z(y). Let d = -17 + -3. What is the units digit of j(d)?
3
Suppose 0 = 54*n - 56*n + 24. What is the hundreds digit of n/(-15)*((-1796)/2 + 3)?
7
Let r(k) = -12*k - 68. Let z be r(24). Let w = 844 + z. Let t = -314 + w. What is the units digit of t?
4
Suppose 5*z + 3*b + 157 = -96, 0 = 3*z + 4*b + 143. Suppose 193 = -9*m + 11*m - 3*k, m + 5*k = 64. Let y = m + z. What is the tens digit of y?
3
Let x(o) = -8*o**2 - 472*o - 35. What is the units digit of x(-50)?
5
Let s = -21469 + 48987. What is the tens digit of s?
1
Let f = 65 + -61. Suppose -k - 369 = -8*i + 3*i, 2*i - f*k - 144 = 0. Suppose -5*z + 11 + i = 0. What is the units digit of z?
7
Suppose -2*h - s = -578, 0*s = s. Suppose 0 = 7*o - 250 - h. What is the units digit of o?
7
Let s(l) = 27*l**3 - 6*l**2 - 147*l + 1717. What is the tens digit of s(10)?
4
Let d(w) = -12021*w + 365. What is the units digit of d(-4)?
9
What is the hundreds digit of 15/120 + 31/8 + 7956?
9
Let r = -187 - -211. What is the units digit of r/(-16)*4570/(-15)?
7
Let z be -4 + (-4)/2 + 4. What is the hundreds digit of 596/((-5)/z + 13/(-26))?
2
Let c = 132301 + -77942. What is the tens digit of c?
5
Let f = 10 + -5. Suppose 0 = -3*h + 5*p + 1618, f*h + 4*p - 2674 = p. What is the tens digit of h?
3
Suppose 4*b - 896 = -4*w + 1012, 2*b + 1938 = 4*w. Let k = w + 313. What is the tens digit of k?
9
Let s be (-3465)/(-40) - (-15)/40. Suppose s*x - 241 = 86*x. What is the tens digit of x?
4
Suppose -325758 - 125761 - 38591 = -34*l. What is the hundreds digit of l?
4
Suppose -48*o + 204294 = -291354. What is the ten thousands digit of o?
1
Suppose -2*v - 2*p = -39408, -11*v + 15*v = 5*p + 78879. What is the ten thousands digit of v?
1
Let f = -37933 - -70435. What is the hundreds digit of f?
5
Let y be (83 - 3) + -8 + (-6)/2. Let i = y + 98. What is the hundreds digit of i?
1
Let p = 9838 - 9182. What is the tens digit of p?
5
Suppose 2979770 = 378*z - 188*z. What is the units digit of z?
3
Suppose -101042 = -14*n - 5*x, -2*x - 7640 = -2*n + 6800. What is the hundreds digit of n?
2
Let u(m) = 41*m**2 - 6*m + 19. Let c(h) = 6*h + 183. Let g be c(-30). What is the hundreds digit of u(g)?
3
Let l(q) = 205*q - 318. What is the units digit of l(77)?
7
Let p be (203 + -21)*(-6)/(-4). Let d = -186 + p. Suppose 0 = 11*g - 10*g - d. What is the tens digit of g?
8
Let k = 167 + -104. Suppose -3*i - 5*t = -6193, 65*t = i + k*t - 2046. What is the thousands digit of i?
2
Suppose 2711285 = 31*f + 316*f + 1130700. What is the units digit of f?
5
Let u(w) = 120*w + 56. Let c be (-25)/(8 - 105/10). What is the tens digit of u(c)?
5
Suppose -115*w + 89*w + 5564 = 0. What is the tens digit of w?
1
Suppose 76516 = 19*l - 61272. What is the hundreds digit of l?
2
Suppose 3*f = -4*m + 320, -5*m = -f - f + 244. Let x = f + -57. Suppose 3*s + h - 191 = 0, 5*h - x = 3*s - 252. What is the units digit of s?
4
Let l be 2/8 + (-3)/(72/30). What is the units digit of (l - 5)/((-2)/12)?
6
Let w = -76 + 252. Suppose 3*r + n - w = 0, 0 = r + n - 42 - 20. What is the units digit of r?
7
Let a(p) = 4*p**3 + p**2 - 63*p + 1385. What is the thousands digit of a(18)?
3
Let m(l) = l**2 - 13*l - 23. Suppose -2*t + x + 7 + 3 = 0, 0 = 4*t - x - 22. Suppose -t*b + 112 = -14. What is the tens digit of m(b)?
4
Let c be 5*(-2)/(-35) - (-38)/14. Suppose c - 15 = -3*g. Suppose g*s - 18 + 2 = 4*w, -3*w = 5*s + 4. What is the units digit of s?
1
Let b be (1 - 1 - 309)*95/(-57). Suppose -b = -3*l + 178. What is the tens digit of l?
3
Suppose d - k - 48432 = 0, -5*d + 28716 + 213471 = -2*k. What is the ten thousands digit of d?
4
Suppose -p - 7*o + 3*o = 69, 0 = p - 5*o + 96. Let u = p + 225. What is the tens digit of u?
4
Let v(r) = 7*r + 137. Let b be v(-19). Suppose -652 = -2*i + 4*j, b*i - 1290 = -0*i + j. What is the hundreds digit of i?
3
Suppose 16*l - 3444 = 23*l. Let x = 623 + l. What is the hundreds digit of x?
1
Suppose -5*j + w = -23390, 3*w = j + j - 9369. Suppose h - 3*m = 6*h - j, -4 = 4*m. What is the tens digit of h?
3
Let f be 4/3*3 - (0 + 1). Suppose 71 = -f*b + 17. What is the units digit of (-1004)/(-18) + (-4)/b?
6
Suppose 0 = -47*w + 35*w. Suppose 10*d - 4088 + 738 = w. What is the units digit of d?
5
Suppose -65 = 4*s - 105. Suppose s*x = -d + 7*x + 354, -3*x - 708 = -2*d. What is the units digit of d?
4
Suppose -5*r - 3*n = -11420 - 8013, 0 = 3*n + 12. What is the tens digit of r?
8
What is the thousands digit of (-6)/(-15) - (-2242790)/275?
8
Suppose 2*q = 4*b + 1080, b = 2*q + 554 - 1649. Let x = q + -157. What is the tens digit of x?
9
Let h be (-8)/((-48)/6)*-7. What is the hundreds digit of 8/h + 250883/217?
1
Let d = -135 - -144. Suppose d*r - 141 = 6*r. What is the units digit of r?
7
Suppose -2*o + 5 + 3 = 0. Let a be 66/(-8)*-3*(-32)/(-12). Suppose -14 = -o*i + a. What is the tens digit of i?
2
Let z = -48 - -946. Suppose 4*q - 5*q = -3*j - z, -3*j = -2*q + 1787. What is the units digit of q?
9
Let t(m) = -219*m**3 + m**2 + 13*m + 185. What is the tens digit of t(-6)?
4
Let u = 126 - 126. Suppose 19*b - 17*b - 424 = u. What is the hundreds digit of b?
2
What is the units digit of ((-4)/3)/(20*27/(-7258005))?
1
Let n(x) = -12 + 42 - 23 + 91*x - 35. What is the units digit of n(8)?
0
Suppose 2*i + 2364 = c, -5*i - 3632 = -3*c + 3455. Suppose 0 = -11*q + 385 + c. What is the units digit of q?
9
Suppose -2*l = 2*j - 39138 - 11500, 4*l = -2*j + 50634. What is the tens digit of j?
2
Let b = 42 + 22. Let d = 66 - b. What is the units digit of (-35)/d*(-16)/20?
4
Let c = -100 + 104. Let u(j) = -j**3 + 6*j**2 - 9*j + 5. Let r be u(c). What is the units digit of 23 + -18 - (-179)/r?
4
Suppose 14*p - 10247 = 6245. Let n = p - 801. What is the hundreds digit of n?
3
Suppose 0 = -14*r - 6 + 48. Suppose 3*z = 2*n - 6, r*n - 7*z - 7 = -2*z. Suppose 5*k - 106 = n. What is the units digit of k?
3
Let v be -5 + 8 - -1 - 2. Suppose -v*n - 4 - 6 = -2*u, u = -2*n + 5. Suppose 4*z - 8 = n, 29 = -3*w + 2*z + 514. What is the hundreds digit of w?
1
Let l = 13 - 6. Let j(p) = -3*p**2 - 2*p**2 - 22*p + 9*p - 3 + p**3 + 8*p + 15. What is the tens digit of j(l)?
7
Suppose -5*a + 52*s - 47*s + 43390 = 0, 5*s = a - 8686. What is the thousands digit of a?
8
What is the ten thousands digit of 0 + (-26441)/(-2) - 141/(-282)?
1
Let c(p) = -p**2 - 17*p + 4*p**2 + 15*p + p**3. Let w be c(1). Suppose 147 = w*q - 41. What is the units digit of q?
4
Let z = 402 + -382. Suppose 21*t = z*t + 3*g + 1209, 2*t + 3*g = 2373. What is the units digit of t?
4
Suppose 2*f - 30*u - 10706 = 0, -2*f - 4*u = -798 - 10044. What is the tens digit of f?
1
Let k be (-378)/(-28)*(-2)/3. What is the tens digit of ((-6)/k)/((-